{"id":1223,"date":"2020-12-10T11:45:56","date_gmt":"2020-12-10T11:45:56","guid":{"rendered":"https:\/\/test.jepvenezuela.com\/museo-de-la-memoria-y-la-represion\/?post_type=caidos&#038;p=1223"},"modified":"2021-01-07T01:44:31","modified_gmt":"2021-01-07T01:44:31","slug":"yoifre-hernandez","status":"publish","type":"caidos","link":"https:\/\/www.jepvenezuela.com\/museo-de-la-memoria-y-la-represion\/caidos\/yoifre-hernandez\/","title":{"rendered":"Yoifre Jes\u00fas Hern\u00e1ndez V\u00e1squez"},"content":{"rendered":"\n<h2>El uso excesivo de la fuerza p\u00fablica es inconstitucional y viola est\u00e1ndares internacionales de derechos humanos<\/h2>\n\n\n\n<div style=\"height:100px\" aria-hidden=\"true\" class=\"wp-block-spacer\"><\/div>\n\n\n\n<h5>Una din\u00e1mica de represi\u00f3n violenta se reprodujo el mi\u00e9rcoles 1 de mayo de 2019 en la que miles de venezolanos volvieron a tomar las calles de la capital y el resto de principales ciudades de Venezuela.<\/h5>\n<h5><br>A Yoifre Hern\u00e1ndez, de tan solo 14 a\u00f1os, lo mataron con una bala en el costado que le atraves\u00f3 todo el cuerpo en el municipio Chacao, lugar donde ese mismo d\u00eda cay\u00f3 asesinada por la represi\u00f3n la joven Jurubith Rausseo, de 27 a\u00f1os de edad.<\/h5>\n<h5><br>De acuerdo con fuentes del Ministerio P\u00fablico, este caso se encuentra en fase de investigaci\u00f3n.<\/h5>\n\n\n\n<div style=\"height:100px\" aria-hidden=\"true\" class=\"wp-block-spacer\"><\/div>\n\n\n\n<h2>En Venezuela, las violaciones de los derechos humanos constituyen una pol\u00edtica de Estado y califican como cr\u00edmenes de lesa humanidad<\/h2>\n\n\n\n<div style=\"height:100px\" aria-hidden=\"true\" class=\"wp-block-spacer\"><\/div>\n\n\n\n<hr class=\"wp-block-separator has-text-color has-background has-white-background-color has-white-color\" \/>\n\n\n\n<div style=\"height:100px\" aria-hidden=\"true\" class=\"wp-block-spacer\"><\/div>\n\n\n\n<h2 style=\"text-align: center\">#RecordarEsJusticia<\/h2>\n","protected":false},"featured_media":1971,"parent":0,"menu_order":0,"template":"","caidos_cat":[5],"class_list":["post-1223","caidos","type-caidos","status-publish","has-post-thumbnail","hentry","caidos_cat-los-del-2019-2020"],"acf":[],"yoast_head":"<!-- This site is optimized with the Yoast SEO plugin v26.7 - https:\/\/yoast.com\/wordpress\/plugins\/seo\/ -->\n<title>Yoifre Jes\u00fas Hern\u00e1ndez V\u00e1squez - Museo de la Memoria y la Represi\u00f3n - JEP Venezuela<\/title>\n<meta name=\"robots\" content=\"index, follow, max-snippet:-1, max-image-preview:large, max-video-preview:-1\" \/>\n<link rel=\"canonical\" href=\"https:\/\/www.jepvenezuela.com\/museo-de-la-memoria-y-la-represion\/caidos\/yoifre-hernandez\/\" \/>\n<meta property=\"og:locale\" content=\"es_ES\" \/>\n<meta property=\"og:type\" content=\"article\" \/>\n<meta property=\"og:title\" content=\"Yoifre Jes\u00fas Hern\u00e1ndez V\u00e1squez - Museo de la Memoria y la Represi\u00f3n - JEP Venezuela\" \/>\n<meta property=\"og:description\" content=\"El uso excesivo de la fuerza p\u00fablica es inconstitucional y viola est\u00e1ndares internacionales de derechos humanos Una din\u00e1mica de represi\u00f3n violenta se reprodujo el mi\u00e9rcoles 1 de mayo de 2019 en la que miles de venezolanos volvieron a tomar las calles de la capital y el resto de principales ciudades de Venezuela. A Yoifre Hern\u00e1ndez, [&hellip;]\" \/>\n<meta property=\"og:url\" content=\"https:\/\/www.jepvenezuela.com\/museo-de-la-memoria-y-la-represion\/caidos\/yoifre-hernandez\/\" \/>\n<meta property=\"og:site_name\" content=\"Museo de la Memoria y la Represi\u00f3n - JEP Venezuela\" \/>\n<meta property=\"article:publisher\" content=\"https:\/\/www.facebook.com\/JEPVenezuela\" \/>\n<meta property=\"article:modified_time\" content=\"2021-01-07T01:44:31+00:00\" \/>\n<meta property=\"og:image\" content=\"https:\/\/www.jepvenezuela.com\/museo-de-la-memoria-y-la-represion\/wp-content\/uploads\/sites\/2\/2021\/01\/yoifre.png\" \/>\n\t<meta property=\"og:image:width\" content=\"1920\" \/>\n\t<meta property=\"og:image:height\" content=\"1080\" \/>\n\t<meta property=\"og:image:type\" content=\"image\/png\" \/>\n<meta name=\"twitter:card\" content=\"summary_large_image\" \/>\n<meta name=\"twitter:site\" content=\"@JEPvzla\" \/>\n<meta name=\"twitter:label1\" content=\"Tiempo de lectura\" \/>\n\t<meta name=\"twitter:data1\" content=\"1 minuto\" \/>\n<script type=\"application\/ld+json\" class=\"yoast-schema-graph\">{\"@context\":\"https:\/\/schema.org\",\"@graph\":[{\"@type\":\"WebPage\",\"@id\":\"https:\/\/www.jepvenezuela.com\/museo-de-la-memoria-y-la-represion\/caidos\/yoifre-hernandez\/\",\"url\":\"https:\/\/www.jepvenezuela.com\/museo-de-la-memoria-y-la-represion\/caidos\/yoifre-hernandez\/\",\"name\":\"Yoifre Jes\u00fas Hern\u00e1ndez V\u00e1squez - Museo de la Memoria y la Represi\u00f3n - JEP Venezuela\",\"isPartOf\":{\"@id\":\"https:\/\/www.jepvenezuela.com\/museo-de-la-memoria-y-la-represion\/#website\"},\"primaryImageOfPage\":{\"@id\":\"https:\/\/www.jepvenezuela.com\/museo-de-la-memoria-y-la-represion\/caidos\/yoifre-hernandez\/#primaryimage\"},\"image\":{\"@id\":\"https:\/\/www.jepvenezuela.com\/museo-de-la-memoria-y-la-represion\/caidos\/yoifre-hernandez\/#primaryimage\"},\"thumbnailUrl\":\"https:\/\/www.jepvenezuela.com\/museo-de-la-memoria-y-la-represion\/wp-content\/uploads\/sites\/2\/2021\/01\/yoifre.png\",\"datePublished\":\"2020-12-10T11:45:56+00:00\",\"dateModified\":\"2021-01-07T01:44:31+00:00\",\"breadcrumb\":{\"@id\":\"https:\/\/www.jepvenezuela.com\/museo-de-la-memoria-y-la-represion\/caidos\/yoifre-hernandez\/#breadcrumb\"},\"inLanguage\":\"es\",\"potentialAction\":[{\"@type\":\"ReadAction\",\"target\":[\"https:\/\/www.jepvenezuela.com\/museo-de-la-memoria-y-la-represion\/caidos\/yoifre-hernandez\/\"]}]},{\"@type\":\"ImageObject\",\"inLanguage\":\"es\",\"@id\":\"https:\/\/www.jepvenezuela.com\/museo-de-la-memoria-y-la-represion\/caidos\/yoifre-hernandez\/#primaryimage\",\"url\":\"https:\/\/www.jepvenezuela.com\/museo-de-la-memoria-y-la-represion\/wp-content\/uploads\/sites\/2\/2021\/01\/yoifre.png\",\"contentUrl\":\"https:\/\/www.jepvenezuela.com\/museo-de-la-memoria-y-la-represion\/wp-content\/uploads\/sites\/2\/2021\/01\/yoifre.png\",\"width\":1920,\"height\":1080},{\"@type\":\"BreadcrumbList\",\"@id\":\"https:\/\/www.jepvenezuela.com\/museo-de-la-memoria-y-la-represion\/caidos\/yoifre-hernandez\/#breadcrumb\",\"itemListElement\":[{\"@type\":\"ListItem\",\"position\":1,\"name\":\"Portada\",\"item\":\"https:\/\/www.jepvenezuela.com\/museo-de-la-memoria-y-la-represion\/\"},{\"@type\":\"ListItem\",\"position\":2,\"name\":\"Ca\u00eddos\",\"item\":\"https:\/\/www.jepvenezuela.com\/museo-de-la-memoria-y-la-represion\/caidos\/\"},{\"@type\":\"ListItem\",\"position\":3,\"name\":\"Yoifre Jes\u00fas Hern\u00e1ndez V\u00e1squez\"}]},{\"@type\":\"WebSite\",\"@id\":\"https:\/\/www.jepvenezuela.com\/museo-de-la-memoria-y-la-represion\/#website\",\"url\":\"https:\/\/www.jepvenezuela.com\/museo-de-la-memoria-y-la-represion\/\",\"name\":\"Museo de la Memoria y la Represi\u00f3n - JEP Venezuela\",\"description\":\"Un espacio dedicado a honrar la memoria de los venezolanos que fueron asesinados en el contexto de las manifestaciones pac\u00edficas desde el a\u00f1o 2014 hasta la actualidad\",\"potentialAction\":[{\"@type\":\"SearchAction\",\"target\":{\"@type\":\"EntryPoint\",\"urlTemplate\":\"https:\/\/www.jepvenezuela.com\/museo-de-la-memoria-y-la-represion\/?s={search_term_string}\"},\"query-input\":{\"@type\":\"PropertyValueSpecification\",\"valueRequired\":true,\"valueName\":\"search_term_string\"}}],\"inLanguage\":\"es\"}]}<\/script>\n<!-- \/ Yoast SEO plugin. -->","yoast_head_json":{"title":"Yoifre Jes\u00fas Hern\u00e1ndez V\u00e1squez - Museo de la Memoria y la Represi\u00f3n - JEP Venezuela","robots":{"index":"index","follow":"follow","max-snippet":"max-snippet:-1","max-image-preview":"max-image-preview:large","max-video-preview":"max-video-preview:-1"},"canonical":"https:\/\/www.jepvenezuela.com\/museo-de-la-memoria-y-la-represion\/caidos\/yoifre-hernandez\/","og_locale":"es_ES","og_type":"article","og_title":"Yoifre Jes\u00fas Hern\u00e1ndez V\u00e1squez - Museo de la Memoria y la Represi\u00f3n - JEP Venezuela","og_description":"El uso excesivo de la fuerza p\u00fablica es inconstitucional y viola est\u00e1ndares internacionales de derechos humanos Una din\u00e1mica de represi\u00f3n violenta se reprodujo el mi\u00e9rcoles 1 de mayo de 2019 en la que miles de venezolanos volvieron a tomar las calles de la capital y el resto de principales ciudades de Venezuela. A Yoifre Hern\u00e1ndez, [&hellip;]","og_url":"https:\/\/www.jepvenezuela.com\/museo-de-la-memoria-y-la-represion\/caidos\/yoifre-hernandez\/","og_site_name":"Museo de la Memoria y la Represi\u00f3n - JEP Venezuela","article_publisher":"https:\/\/www.facebook.com\/JEPVenezuela","article_modified_time":"2021-01-07T01:44:31+00:00","og_image":[{"width":1920,"height":1080,"url":"https:\/\/www.jepvenezuela.com\/museo-de-la-memoria-y-la-represion\/wp-content\/uploads\/sites\/2\/2021\/01\/yoifre.png","type":"image\/png"}],"twitter_card":"summary_large_image","twitter_site":"@JEPvzla","twitter_misc":{"Tiempo de lectura":"1 minuto"},"schema":{"@context":"https:\/\/schema.org","@graph":[{"@type":"WebPage","@id":"https:\/\/www.jepvenezuela.com\/museo-de-la-memoria-y-la-represion\/caidos\/yoifre-hernandez\/","url":"https:\/\/www.jepvenezuela.com\/museo-de-la-memoria-y-la-represion\/caidos\/yoifre-hernandez\/","name":"Yoifre Jes\u00fas Hern\u00e1ndez V\u00e1squez - Museo de la Memoria y la Represi\u00f3n - JEP Venezuela","isPartOf":{"@id":"https:\/\/www.jepvenezuela.com\/museo-de-la-memoria-y-la-represion\/#website"},"primaryImageOfPage":{"@id":"https:\/\/www.jepvenezuela.com\/museo-de-la-memoria-y-la-represion\/caidos\/yoifre-hernandez\/#primaryimage"},"image":{"@id":"https:\/\/www.jepvenezuela.com\/museo-de-la-memoria-y-la-represion\/caidos\/yoifre-hernandez\/#primaryimage"},"thumbnailUrl":"https:\/\/www.jepvenezuela.com\/museo-de-la-memoria-y-la-represion\/wp-content\/uploads\/sites\/2\/2021\/01\/yoifre.png","datePublished":"2020-12-10T11:45:56+00:00","dateModified":"2021-01-07T01:44:31+00:00","breadcrumb":{"@id":"https:\/\/www.jepvenezuela.com\/museo-de-la-memoria-y-la-represion\/caidos\/yoifre-hernandez\/#breadcrumb"},"inLanguage":"es","potentialAction":[{"@type":"ReadAction","target":["https:\/\/www.jepvenezuela.com\/museo-de-la-memoria-y-la-represion\/caidos\/yoifre-hernandez\/"]}]},{"@type":"ImageObject","inLanguage":"es","@id":"https:\/\/www.jepvenezuela.com\/museo-de-la-memoria-y-la-represion\/caidos\/yoifre-hernandez\/#primaryimage","url":"https:\/\/www.jepvenezuela.com\/museo-de-la-memoria-y-la-represion\/wp-content\/uploads\/sites\/2\/2021\/01\/yoifre.png","contentUrl":"https:\/\/www.jepvenezuela.com\/museo-de-la-memoria-y-la-represion\/wp-content\/uploads\/sites\/2\/2021\/01\/yoifre.png","width":1920,"height":1080},{"@type":"BreadcrumbList","@id":"https:\/\/www.jepvenezuela.com\/museo-de-la-memoria-y-la-represion\/caidos\/yoifre-hernandez\/#breadcrumb","itemListElement":[{"@type":"ListItem","position":1,"name":"Portada","item":"https:\/\/www.jepvenezuela.com\/museo-de-la-memoria-y-la-represion\/"},{"@type":"ListItem","position":2,"name":"Ca\u00eddos","item":"https:\/\/www.jepvenezuela.com\/museo-de-la-memoria-y-la-represion\/caidos\/"},{"@type":"ListItem","position":3,"name":"Yoifre Jes\u00fas Hern\u00e1ndez V\u00e1squez"}]},{"@type":"WebSite","@id":"https:\/\/www.jepvenezuela.com\/museo-de-la-memoria-y-la-represion\/#website","url":"https:\/\/www.jepvenezuela.com\/museo-de-la-memoria-y-la-represion\/","name":"Museo de la Memoria y la Represi\u00f3n - JEP Venezuela","description":"Un espacio dedicado a honrar la memoria de los venezolanos que fueron asesinados en el contexto de las manifestaciones pac\u00edficas desde el a\u00f1o 2014 hasta la actualidad","potentialAction":[{"@type":"SearchAction","target":{"@type":"EntryPoint","urlTemplate":"https:\/\/www.jepvenezuela.com\/museo-de-la-memoria-y-la-represion\/?s={search_term_string}"},"query-input":{"@type":"PropertyValueSpecification","valueRequired":true,"valueName":"search_term_string"}}],"inLanguage":"es"}]}},"_links":{"self":[{"href":"https:\/\/www.jepvenezuela.com\/museo-de-la-memoria-y-la-represion\/wp-json\/wp\/v2\/caidos\/1223","targetHints":{"allow":["GET"]}}],"collection":[{"href":"https:\/\/www.jepvenezuela.com\/museo-de-la-memoria-y-la-represion\/wp-json\/wp\/v2\/caidos"}],"about":[{"href":"https:\/\/www.jepvenezuela.com\/museo-de-la-memoria-y-la-represion\/wp-json\/wp\/v2\/types\/caidos"}],"wp:featuredmedia":[{"embeddable":true,"href":"https:\/\/www.jepvenezuela.com\/museo-de-la-memoria-y-la-represion\/wp-json\/wp\/v2\/media\/1971"}],"wp:attachment":[{"href":"https:\/\/www.jepvenezuela.com\/museo-de-la-memoria-y-la-represion\/wp-json\/wp\/v2\/media?parent=1223"}],"wp:term":[{"taxonomy":"caidos_cat","embeddable":true,"href":"https:\/\/www.jepvenezuela.com\/museo-de-la-memoria-y-la-represion\/wp-json\/wp\/v2\/caidos_cat?post=1223"}],"curies":[{"name":"wp","href":"https:\/\/api.w.org\/{rel}","templated":true}]}}

Yoifre Jesús Hernández Vásquez

<h2>El uso excesivo de la fuerza pública es inconstitucional y viola estándares internacionales de derechos humanos</h2>



<div style="height:100px" aria-hidden="true" class="wp-block-spacer"></div>



<h5>Una dinámica de represión violenta se reprodujo el miércoles 1 de mayo de 2019 en la que miles de venezolanos volvieron a tomar las calles de la capital y el resto de principales ciudades de Venezuela.</h5>
<h5><br>A Yoifre Hernández, de tan solo 14 años, lo mataron con una bala en el costado que le atravesó todo el cuerpo en el municipio Chacao, lugar donde ese mismo día cayó asesinada por la represión la joven Jurubith Rausseo, de 27 años de edad.</h5>
<h5><br>De acuerdo con fuentes del Ministerio Público, este caso se encuentra en fase de investigación.</h5>



<div style="height:100px" aria-hidden="true" class="wp-block-spacer"></div>



<h2>En Venezuela, las violaciones de los derechos humanos constituyen una política de Estado y califican como crímenes de lesa humanidad</h2>



<div style="height:100px" aria-hidden="true" class="wp-block-spacer"></div>



<hr class="wp-block-separator has-text-color has-background has-white-background-color has-white-color" />



<div style="height:100px" aria-hidden="true" class="wp-block-spacer"></div>



<h2 style="text-align: center">#RecordarEsJusticia</h2>

<!-- This site is optimized with the Yoast SEO plugin v26.7 - https://yoast.com/wordpress/plugins/seo/ -->
<title>Yoifre Jesús Hernández Vásquez - Museo de la Memoria y la Represión - JEP Venezuela</title>
<meta name="robots" content="index, follow, max-snippet:-1, max-image-preview:large, max-video-preview:-1" />
<link rel="canonical" href="https://www.jepvenezuela.com/museo-de-la-memoria-y-la-represion/caidos/yoifre-hernandez/" />
<meta property="og:locale" content="es_ES" />
<meta property="og:type" content="article" />
<meta property="og:title" content="Yoifre Jesús Hernández Vásquez - Museo de la Memoria y la Represión - JEP Venezuela" />
<meta property="og:description" content="El uso excesivo de la fuerza pública es inconstitucional y viola estándares internacionales de derechos humanos Una dinámica de represión violenta se reprodujo el miércoles 1 de mayo de 2019 en la que miles de venezolanos volvieron a tomar las calles de la capital y el resto de principales ciudades de Venezuela. A Yoifre Hernández, [&hellip;]" />
<meta property="og:url" content="https://www.jepvenezuela.com/museo-de-la-memoria-y-la-represion/caidos/yoifre-hernandez/" />
<meta property="og:site_name" content="Museo de la Memoria y la Represión - JEP Venezuela" />
<meta property="article:publisher" content="https://www.facebook.com/JEPVenezuela" />
<meta property="article:modified_time" content="2021-01-07T01:44:31+00:00" />
<meta property="og:image" content="https://www.jepvenezuela.com/museo-de-la-memoria-y-la-represion/wp-content/uploads/sites/2/2021/01/yoifre.png" />
	<meta property="og:image:width" content="1920" />
	<meta property="og:image:height" content="1080" />
	<meta property="og:image:type" content="image/png" />
<meta name="twitter:card" content="summary_large_image" />
<meta name="twitter:site" content="@JEPvzla" />
<meta name="twitter:label1" content="Tiempo de lectura" />
	<meta name="twitter:data1" content="1 minuto" />
<script type="application/ld+json" class="yoast-schema-graph">{"@context":"https://schema.org","@graph":[{"@type":"WebPage","@id":"https://www.jepvenezuela.com/museo-de-la-memoria-y-la-represion/caidos/yoifre-hernandez/","url":"https://www.jepvenezuela.com/museo-de-la-memoria-y-la-represion/caidos/yoifre-hernandez/","name":"Yoifre Jesús Hernández Vásquez - Museo de la Memoria y la Represión - JEP Venezuela","isPartOf":{"@id":"https://www.jepvenezuela.com/museo-de-la-memoria-y-la-represion/#website"},"primaryImageOfPage":{"@id":"https://www.jepvenezuela.com/museo-de-la-memoria-y-la-represion/caidos/yoifre-hernandez/#primaryimage"},"image":{"@id":"https://www.jepvenezuela.com/museo-de-la-memoria-y-la-represion/caidos/yoifre-hernandez/#primaryimage"},"thumbnailUrl":"https://www.jepvenezuela.com/museo-de-la-memoria-y-la-represion/wp-content/uploads/sites/2/2021/01/yoifre.png","datePublished":"2020-12-10T11:45:56+00:00","dateModified":"2021-01-07T01:44:31+00:00","breadcrumb":{"@id":"https://www.jepvenezuela.com/museo-de-la-memoria-y-la-represion/caidos/yoifre-hernandez/#breadcrumb"},"inLanguage":"es","potentialAction":[{"@type":"ReadAction","target":["https://www.jepvenezuela.com/museo-de-la-memoria-y-la-represion/caidos/yoifre-hernandez/"]}]},{"@type":"ImageObject","inLanguage":"es","@id":"https://www.jepvenezuela.com/museo-de-la-memoria-y-la-represion/caidos/yoifre-hernandez/#primaryimage","url":"https://www.jepvenezuela.com/museo-de-la-memoria-y-la-represion/wp-content/uploads/sites/2/2021/01/yoifre.png","contentUrl":"https://www.jepvenezuela.com/museo-de-la-memoria-y-la-represion/wp-content/uploads/sites/2/2021/01/yoifre.png","width":1920,"height":1080},{"@type":"BreadcrumbList","@id":"https://www.jepvenezuela.com/museo-de-la-memoria-y-la-represion/caidos/yoifre-hernandez/#breadcrumb","itemListElement":[{"@type":"ListItem","position":1,"name":"Portada","item":"https://www.jepvenezuela.com/museo-de-la-memoria-y-la-represion/"},{"@type":"ListItem","position":2,"name":"Caídos","item":"https://www.jepvenezuela.com/museo-de-la-memoria-y-la-represion/caidos/"},{"@type":"ListItem","position":3,"name":"Yoifre Jesús Hernández Vásquez"}]},{"@type":"WebSite","@id":"https://www.jepvenezuela.com/museo-de-la-memoria-y-la-represion/#website","url":"https://www.jepvenezuela.com/museo-de-la-memoria-y-la-represion/","name":"Museo de la Memoria y la Represión - JEP Venezuela","description":"Un espacio dedicado a honrar la memoria de los venezolanos que fueron asesinados en el contexto de las manifestaciones pacíficas desde el año 2014 hasta la actualidad","potentialAction":[{"@type":"SearchAction","target":{"@type":"EntryPoint","urlTemplate":"https://www.jepvenezuela.com/museo-de-la-memoria-y-la-represion/?s={search_term_string}"},"query-input":{"@type":"PropertyValueSpecification","valueRequired":true,"valueName":"search_term_string"}}],"inLanguage":"es"}]}</script>
<!-- / Yoast SEO plugin. -->

Yoifre Jesús Hernández Vásquez - Museo de la Memoria y la Represión - JEP Venezuela

El uso excesivo de la fuerza pública es inconstitucional y viola estándares internacionales de derechos humanos Una dinámica de represión violenta se reprodujo el miércoles 1 de mayo de 2019 en la que miles de venezolanos volvieron a tomar las calles de la capital y el resto de principales ciudades de Venezuela. A Yoifre Hernández, [&hellip;]

Museo de la Memoria y la Represión - JEP Venezuela

Caídos

Un espacio dedicado a honrar la memoria de los venezolanos que fueron asesinados en el contexto de las manifestaciones pacíficas desde el año 2014 hasta la actualidad
