{"id":1226,"date":"2020-12-10T11:47:18","date_gmt":"2020-12-10T11:47:18","guid":{"rendered":"https:\/\/test.jepvenezuela.com\/museo-de-la-memoria-y-la-represion\/?post_type=caidos&#038;p=1226"},"modified":"2021-06-08T15:12:41","modified_gmt":"2021-06-08T15:12:41","slug":"wildemar-paredes-moreno","status":"publish","type":"caidos","link":"https:\/\/www.jepvenezuela.com\/museo-de-la-memoria-y-la-represion\/caidos\/wildemar-paredes-moreno\/","title":{"rendered":"Wildemar Paredes Moreno"},"content":{"rendered":"\n<h2>Otra v\u00edctima del autoritarismo y de la impunidad del sistema judicial.<\/h2>\n\n\n\n<div style=\"height:100px\" aria-hidden=\"true\" class=\"wp-block-spacer\"><\/div>\n\n\n\n<h5>Este ciudadano de 32 a\u00f1os fue asesinado de un disparo en la estaci\u00f3n de servicio Los Llanitos de Tabay, M\u00e9rida, en medio de una protesta por el racionamiento de gasolina en la entidad, el s\u00e1bado 8 de junio de 2019. <\/h5>\n<h5>Seis funcionarios de la Polic\u00eda Nacional Bolivariana fueron detenidos por el hecho donde tambi\u00e9n resultaron heridos dos primos de Paredes Moreno. Posteriormente cinco efectivos fueron absueltos, en tanto que Luis Gerardo Vargas fue condenado a 18 a\u00f1os de prisi\u00f3n. <\/h5>\n\n\n\n<div style=\"height:100px\" aria-hidden=\"true\" class=\"wp-block-spacer\"><\/div>\n\n\n\n<h2>\u00a1Nunca m\u00e1s una v\u00edctima por violaci\u00f3n de derechos humanos en Venezuela!<\/h2>\n\n\n\n<div style=\"height:100px\" aria-hidden=\"true\" class=\"wp-block-spacer\"><\/div>\n\n\n\n<hr class=\"wp-block-separator has-text-color has-background has-white-background-color has-white-color\" \/>\n\n\n\n<div style=\"height:100px\" aria-hidden=\"true\" class=\"wp-block-spacer\"><\/div>\n\n\n\n<p>#RecordarEsJusticia<\/p>\n","protected":false},"featured_media":2097,"parent":0,"menu_order":0,"template":"","caidos_cat":[5],"class_list":["post-1226","caidos","type-caidos","status-publish","has-post-thumbnail","hentry","caidos_cat-los-del-2019-2020"],"acf":[],"yoast_head":"<!-- This site is optimized with the Yoast SEO plugin v26.7 - https:\/\/yoast.com\/wordpress\/plugins\/seo\/ -->\n<title>Wildemar Paredes Moreno - Museo de la Memoria y la Represi\u00f3n - JEP Venezuela<\/title>\n<meta name=\"robots\" content=\"index, follow, max-snippet:-1, max-image-preview:large, max-video-preview:-1\" \/>\n<link rel=\"canonical\" href=\"https:\/\/www.jepvenezuela.com\/museo-de-la-memoria-y-la-represion\/caidos\/wildemar-paredes-moreno\/\" \/>\n<meta property=\"og:locale\" content=\"es_ES\" \/>\n<meta property=\"og:type\" content=\"article\" \/>\n<meta property=\"og:title\" content=\"Wildemar Paredes Moreno - Museo de la Memoria y la Represi\u00f3n - JEP Venezuela\" \/>\n<meta property=\"og:description\" content=\"Otra v\u00edctima del autoritarismo y de la impunidad del sistema judicial. Este ciudadano de 32 a\u00f1os fue asesinado de un disparo en la estaci\u00f3n de servicio Los Llanitos de Tabay, M\u00e9rida, en medio de una protesta por el racionamiento de gasolina en la entidad, el s\u00e1bado 8 de junio de 2019. Seis funcionarios de la [&hellip;]\" \/>\n<meta property=\"og:url\" content=\"https:\/\/www.jepvenezuela.com\/museo-de-la-memoria-y-la-represion\/caidos\/wildemar-paredes-moreno\/\" \/>\n<meta property=\"og:site_name\" content=\"Museo de la Memoria y la Represi\u00f3n - JEP Venezuela\" \/>\n<meta property=\"article:publisher\" content=\"https:\/\/www.facebook.com\/JEPVenezuela\" \/>\n<meta property=\"article:modified_time\" content=\"2021-06-08T15:12:41+00:00\" \/>\n<meta property=\"og:image\" content=\"https:\/\/www.jepvenezuela.com\/museo-de-la-memoria-y-la-represion\/wp-content\/uploads\/sites\/2\/2020\/12\/0011-2563344484_20210608_110949_0000.jpg\" \/>\n\t<meta property=\"og:image:width\" content=\"1920\" \/>\n\t<meta property=\"og:image:height\" content=\"1080\" \/>\n\t<meta property=\"og:image:type\" content=\"image\/jpeg\" \/>\n<meta name=\"twitter:card\" content=\"summary_large_image\" \/>\n<meta name=\"twitter:site\" content=\"@JEPvzla\" \/>\n<meta name=\"twitter:label1\" content=\"Tiempo de lectura\" \/>\n\t<meta name=\"twitter:data1\" content=\"1 minuto\" \/>\n<script type=\"application\/ld+json\" class=\"yoast-schema-graph\">{\"@context\":\"https:\/\/schema.org\",\"@graph\":[{\"@type\":\"WebPage\",\"@id\":\"https:\/\/www.jepvenezuela.com\/museo-de-la-memoria-y-la-represion\/caidos\/wildemar-paredes-moreno\/\",\"url\":\"https:\/\/www.jepvenezuela.com\/museo-de-la-memoria-y-la-represion\/caidos\/wildemar-paredes-moreno\/\",\"name\":\"Wildemar Paredes Moreno - Museo de la Memoria y la Represi\u00f3n - JEP Venezuela\",\"isPartOf\":{\"@id\":\"https:\/\/www.jepvenezuela.com\/museo-de-la-memoria-y-la-represion\/#website\"},\"primaryImageOfPage\":{\"@id\":\"https:\/\/www.jepvenezuela.com\/museo-de-la-memoria-y-la-represion\/caidos\/wildemar-paredes-moreno\/#primaryimage\"},\"image\":{\"@id\":\"https:\/\/www.jepvenezuela.com\/museo-de-la-memoria-y-la-represion\/caidos\/wildemar-paredes-moreno\/#primaryimage\"},\"thumbnailUrl\":\"https:\/\/www.jepvenezuela.com\/museo-de-la-memoria-y-la-represion\/wp-content\/uploads\/sites\/2\/2020\/12\/0011-2563344484_20210608_110949_0000.jpg\",\"datePublished\":\"2020-12-10T11:47:18+00:00\",\"dateModified\":\"2021-06-08T15:12:41+00:00\",\"breadcrumb\":{\"@id\":\"https:\/\/www.jepvenezuela.com\/museo-de-la-memoria-y-la-represion\/caidos\/wildemar-paredes-moreno\/#breadcrumb\"},\"inLanguage\":\"es\",\"potentialAction\":[{\"@type\":\"ReadAction\",\"target\":[\"https:\/\/www.jepvenezuela.com\/museo-de-la-memoria-y-la-represion\/caidos\/wildemar-paredes-moreno\/\"]}]},{\"@type\":\"ImageObject\",\"inLanguage\":\"es\",\"@id\":\"https:\/\/www.jepvenezuela.com\/museo-de-la-memoria-y-la-represion\/caidos\/wildemar-paredes-moreno\/#primaryimage\",\"url\":\"https:\/\/www.jepvenezuela.com\/museo-de-la-memoria-y-la-represion\/wp-content\/uploads\/sites\/2\/2020\/12\/0011-2563344484_20210608_110949_0000.jpg\",\"contentUrl\":\"https:\/\/www.jepvenezuela.com\/museo-de-la-memoria-y-la-represion\/wp-content\/uploads\/sites\/2\/2020\/12\/0011-2563344484_20210608_110949_0000.jpg\",\"width\":1920,\"height\":1080},{\"@type\":\"BreadcrumbList\",\"@id\":\"https:\/\/www.jepvenezuela.com\/museo-de-la-memoria-y-la-represion\/caidos\/wildemar-paredes-moreno\/#breadcrumb\",\"itemListElement\":[{\"@type\":\"ListItem\",\"position\":1,\"name\":\"Portada\",\"item\":\"https:\/\/www.jepvenezuela.com\/museo-de-la-memoria-y-la-represion\/\"},{\"@type\":\"ListItem\",\"position\":2,\"name\":\"Ca\u00eddos\",\"item\":\"https:\/\/www.jepvenezuela.com\/museo-de-la-memoria-y-la-represion\/caidos\/\"},{\"@type\":\"ListItem\",\"position\":3,\"name\":\"Wildemar Paredes Moreno\"}]},{\"@type\":\"WebSite\",\"@id\":\"https:\/\/www.jepvenezuela.com\/museo-de-la-memoria-y-la-represion\/#website\",\"url\":\"https:\/\/www.jepvenezuela.com\/museo-de-la-memoria-y-la-represion\/\",\"name\":\"Museo de la Memoria y la Represi\u00f3n - JEP Venezuela\",\"description\":\"Un espacio dedicado a honrar la memoria de los venezolanos que fueron asesinados en el contexto de las manifestaciones pac\u00edficas desde el a\u00f1o 2014 hasta la actualidad\",\"potentialAction\":[{\"@type\":\"SearchAction\",\"target\":{\"@type\":\"EntryPoint\",\"urlTemplate\":\"https:\/\/www.jepvenezuela.com\/museo-de-la-memoria-y-la-represion\/?s={search_term_string}\"},\"query-input\":{\"@type\":\"PropertyValueSpecification\",\"valueRequired\":true,\"valueName\":\"search_term_string\"}}],\"inLanguage\":\"es\"}]}<\/script>\n<!-- \/ Yoast SEO plugin. -->","yoast_head_json":{"title":"Wildemar Paredes Moreno - Museo de la Memoria y la Represi\u00f3n - JEP Venezuela","robots":{"index":"index","follow":"follow","max-snippet":"max-snippet:-1","max-image-preview":"max-image-preview:large","max-video-preview":"max-video-preview:-1"},"canonical":"https:\/\/www.jepvenezuela.com\/museo-de-la-memoria-y-la-represion\/caidos\/wildemar-paredes-moreno\/","og_locale":"es_ES","og_type":"article","og_title":"Wildemar Paredes Moreno - Museo de la Memoria y la Represi\u00f3n - JEP Venezuela","og_description":"Otra v\u00edctima del autoritarismo y de la impunidad del sistema judicial. Este ciudadano de 32 a\u00f1os fue asesinado de un disparo en la estaci\u00f3n de servicio Los Llanitos de Tabay, M\u00e9rida, en medio de una protesta por el racionamiento de gasolina en la entidad, el s\u00e1bado 8 de junio de 2019. Seis funcionarios de la [&hellip;]","og_url":"https:\/\/www.jepvenezuela.com\/museo-de-la-memoria-y-la-represion\/caidos\/wildemar-paredes-moreno\/","og_site_name":"Museo de la Memoria y la Represi\u00f3n - JEP Venezuela","article_publisher":"https:\/\/www.facebook.com\/JEPVenezuela","article_modified_time":"2021-06-08T15:12:41+00:00","og_image":[{"width":1920,"height":1080,"url":"https:\/\/www.jepvenezuela.com\/museo-de-la-memoria-y-la-represion\/wp-content\/uploads\/sites\/2\/2020\/12\/0011-2563344484_20210608_110949_0000.jpg","type":"image\/jpeg"}],"twitter_card":"summary_large_image","twitter_site":"@JEPvzla","twitter_misc":{"Tiempo de lectura":"1 minuto"},"schema":{"@context":"https:\/\/schema.org","@graph":[{"@type":"WebPage","@id":"https:\/\/www.jepvenezuela.com\/museo-de-la-memoria-y-la-represion\/caidos\/wildemar-paredes-moreno\/","url":"https:\/\/www.jepvenezuela.com\/museo-de-la-memoria-y-la-represion\/caidos\/wildemar-paredes-moreno\/","name":"Wildemar Paredes Moreno - Museo de la Memoria y la Represi\u00f3n - JEP Venezuela","isPartOf":{"@id":"https:\/\/www.jepvenezuela.com\/museo-de-la-memoria-y-la-represion\/#website"},"primaryImageOfPage":{"@id":"https:\/\/www.jepvenezuela.com\/museo-de-la-memoria-y-la-represion\/caidos\/wildemar-paredes-moreno\/#primaryimage"},"image":{"@id":"https:\/\/www.jepvenezuela.com\/museo-de-la-memoria-y-la-represion\/caidos\/wildemar-paredes-moreno\/#primaryimage"},"thumbnailUrl":"https:\/\/www.jepvenezuela.com\/museo-de-la-memoria-y-la-represion\/wp-content\/uploads\/sites\/2\/2020\/12\/0011-2563344484_20210608_110949_0000.jpg","datePublished":"2020-12-10T11:47:18+00:00","dateModified":"2021-06-08T15:12:41+00:00","breadcrumb":{"@id":"https:\/\/www.jepvenezuela.com\/museo-de-la-memoria-y-la-represion\/caidos\/wildemar-paredes-moreno\/#breadcrumb"},"inLanguage":"es","potentialAction":[{"@type":"ReadAction","target":["https:\/\/www.jepvenezuela.com\/museo-de-la-memoria-y-la-represion\/caidos\/wildemar-paredes-moreno\/"]}]},{"@type":"ImageObject","inLanguage":"es","@id":"https:\/\/www.jepvenezuela.com\/museo-de-la-memoria-y-la-represion\/caidos\/wildemar-paredes-moreno\/#primaryimage","url":"https:\/\/www.jepvenezuela.com\/museo-de-la-memoria-y-la-represion\/wp-content\/uploads\/sites\/2\/2020\/12\/0011-2563344484_20210608_110949_0000.jpg","contentUrl":"https:\/\/www.jepvenezuela.com\/museo-de-la-memoria-y-la-represion\/wp-content\/uploads\/sites\/2\/2020\/12\/0011-2563344484_20210608_110949_0000.jpg","width":1920,"height":1080},{"@type":"BreadcrumbList","@id":"https:\/\/www.jepvenezuela.com\/museo-de-la-memoria-y-la-represion\/caidos\/wildemar-paredes-moreno\/#breadcrumb","itemListElement":[{"@type":"ListItem","position":1,"name":"Portada","item":"https:\/\/www.jepvenezuela.com\/museo-de-la-memoria-y-la-represion\/"},{"@type":"ListItem","position":2,"name":"Ca\u00eddos","item":"https:\/\/www.jepvenezuela.com\/museo-de-la-memoria-y-la-represion\/caidos\/"},{"@type":"ListItem","position":3,"name":"Wildemar Paredes Moreno"}]},{"@type":"WebSite","@id":"https:\/\/www.jepvenezuela.com\/museo-de-la-memoria-y-la-represion\/#website","url":"https:\/\/www.jepvenezuela.com\/museo-de-la-memoria-y-la-represion\/","name":"Museo de la Memoria y la Represi\u00f3n - JEP Venezuela","description":"Un espacio dedicado a honrar la memoria de los venezolanos que fueron asesinados en el contexto de las manifestaciones pac\u00edficas desde el a\u00f1o 2014 hasta la actualidad","potentialAction":[{"@type":"SearchAction","target":{"@type":"EntryPoint","urlTemplate":"https:\/\/www.jepvenezuela.com\/museo-de-la-memoria-y-la-represion\/?s={search_term_string}"},"query-input":{"@type":"PropertyValueSpecification","valueRequired":true,"valueName":"search_term_string"}}],"inLanguage":"es"}]}},"_links":{"self":[{"href":"https:\/\/www.jepvenezuela.com\/museo-de-la-memoria-y-la-represion\/wp-json\/wp\/v2\/caidos\/1226","targetHints":{"allow":["GET"]}}],"collection":[{"href":"https:\/\/www.jepvenezuela.com\/museo-de-la-memoria-y-la-represion\/wp-json\/wp\/v2\/caidos"}],"about":[{"href":"https:\/\/www.jepvenezuela.com\/museo-de-la-memoria-y-la-represion\/wp-json\/wp\/v2\/types\/caidos"}],"wp:featuredmedia":[{"embeddable":true,"href":"https:\/\/www.jepvenezuela.com\/museo-de-la-memoria-y-la-represion\/wp-json\/wp\/v2\/media\/2097"}],"wp:attachment":[{"href":"https:\/\/www.jepvenezuela.com\/museo-de-la-memoria-y-la-represion\/wp-json\/wp\/v2\/media?parent=1226"}],"wp:term":[{"taxonomy":"caidos_cat","embeddable":true,"href":"https:\/\/www.jepvenezuela.com\/museo-de-la-memoria-y-la-represion\/wp-json\/wp\/v2\/caidos_cat?post=1226"}],"curies":[{"name":"wp","href":"https:\/\/api.w.org\/{rel}","templated":true}]}}

<h2>Otra víctima del autoritarismo y de la impunidad del sistema judicial.</h2>



<div style="height:100px" aria-hidden="true" class="wp-block-spacer"></div>



<h5>Este ciudadano de 32 años fue asesinado de un disparo en la estación de servicio Los Llanitos de Tabay, Mérida, en medio de una protesta por el racionamiento de gasolina en la entidad, el sábado 8 de junio de 2019. </h5>
<h5>Seis funcionarios de la Policía Nacional Bolivariana fueron detenidos por el hecho donde también resultaron heridos dos primos de Paredes Moreno. Posteriormente cinco efectivos fueron absueltos, en tanto que Luis Gerardo Vargas fue condenado a 18 años de prisión. </h5>



<div style="height:100px" aria-hidden="true" class="wp-block-spacer"></div>



<h2>¡Nunca más una víctima por violación de derechos humanos en Venezuela!</h2>



<div style="height:100px" aria-hidden="true" class="wp-block-spacer"></div>



<hr class="wp-block-separator has-text-color has-background has-white-background-color has-white-color" />



<div style="height:100px" aria-hidden="true" class="wp-block-spacer"></div>



<p>#RecordarEsJusticia</p>

<!-- This site is optimized with the Yoast SEO plugin v26.7 - https://yoast.com/wordpress/plugins/seo/ -->
<title>Wildemar Paredes Moreno - Museo de la Memoria y la Represión - JEP Venezuela</title>
<meta name="robots" content="index, follow, max-snippet:-1, max-image-preview:large, max-video-preview:-1" />
<link rel="canonical" href="https://www.jepvenezuela.com/museo-de-la-memoria-y-la-represion/caidos/wildemar-paredes-moreno/" />
<meta property="og:locale" content="es_ES" />
<meta property="og:type" content="article" />
<meta property="og:title" content="Wildemar Paredes Moreno - Museo de la Memoria y la Represión - JEP Venezuela" />
<meta property="og:description" content="Otra víctima del autoritarismo y de la impunidad del sistema judicial. Este ciudadano de 32 años fue asesinado de un disparo en la estación de servicio Los Llanitos de Tabay, Mérida, en medio de una protesta por el racionamiento de gasolina en la entidad, el sábado 8 de junio de 2019. Seis funcionarios de la [&hellip;]" />
<meta property="og:url" content="https://www.jepvenezuela.com/museo-de-la-memoria-y-la-represion/caidos/wildemar-paredes-moreno/" />
<meta property="og:site_name" content="Museo de la Memoria y la Represión - JEP Venezuela" />
<meta property="article:publisher" content="https://www.facebook.com/JEPVenezuela" />
<meta property="article:modified_time" content="2021-06-08T15:12:41+00:00" />
<meta property="og:image" content="https://www.jepvenezuela.com/museo-de-la-memoria-y-la-represion/wp-content/uploads/sites/2/2020/12/0011-2563344484_20210608_110949_0000.jpg" />
	<meta property="og:image:width" content="1920" />
	<meta property="og:image:height" content="1080" />
	<meta property="og:image:type" content="image/jpeg" />
<meta name="twitter:card" content="summary_large_image" />
<meta name="twitter:site" content="@JEPvzla" />
<meta name="twitter:label1" content="Tiempo de lectura" />
	<meta name="twitter:data1" content="1 minuto" />
<script type="application/ld+json" class="yoast-schema-graph">{"@context":"https://schema.org","@graph":[{"@type":"WebPage","@id":"https://www.jepvenezuela.com/museo-de-la-memoria-y-la-represion/caidos/wildemar-paredes-moreno/","url":"https://www.jepvenezuela.com/museo-de-la-memoria-y-la-represion/caidos/wildemar-paredes-moreno/","name":"Wildemar Paredes Moreno - Museo de la Memoria y la Represión - JEP Venezuela","isPartOf":{"@id":"https://www.jepvenezuela.com/museo-de-la-memoria-y-la-represion/#website"},"primaryImageOfPage":{"@id":"https://www.jepvenezuela.com/museo-de-la-memoria-y-la-represion/caidos/wildemar-paredes-moreno/#primaryimage"},"image":{"@id":"https://www.jepvenezuela.com/museo-de-la-memoria-y-la-represion/caidos/wildemar-paredes-moreno/#primaryimage"},"thumbnailUrl":"https://www.jepvenezuela.com/museo-de-la-memoria-y-la-represion/wp-content/uploads/sites/2/2020/12/0011-2563344484_20210608_110949_0000.jpg","datePublished":"2020-12-10T11:47:18+00:00","dateModified":"2021-06-08T15:12:41+00:00","breadcrumb":{"@id":"https://www.jepvenezuela.com/museo-de-la-memoria-y-la-represion/caidos/wildemar-paredes-moreno/#breadcrumb"},"inLanguage":"es","potentialAction":[{"@type":"ReadAction","target":["https://www.jepvenezuela.com/museo-de-la-memoria-y-la-represion/caidos/wildemar-paredes-moreno/"]}]},{"@type":"ImageObject","inLanguage":"es","@id":"https://www.jepvenezuela.com/museo-de-la-memoria-y-la-represion/caidos/wildemar-paredes-moreno/#primaryimage","url":"https://www.jepvenezuela.com/museo-de-la-memoria-y-la-represion/wp-content/uploads/sites/2/2020/12/0011-2563344484_20210608_110949_0000.jpg","contentUrl":"https://www.jepvenezuela.com/museo-de-la-memoria-y-la-represion/wp-content/uploads/sites/2/2020/12/0011-2563344484_20210608_110949_0000.jpg","width":1920,"height":1080},{"@type":"BreadcrumbList","@id":"https://www.jepvenezuela.com/museo-de-la-memoria-y-la-represion/caidos/wildemar-paredes-moreno/#breadcrumb","itemListElement":[{"@type":"ListItem","position":1,"name":"Portada","item":"https://www.jepvenezuela.com/museo-de-la-memoria-y-la-represion/"},{"@type":"ListItem","position":2,"name":"Caídos","item":"https://www.jepvenezuela.com/museo-de-la-memoria-y-la-represion/caidos/"},{"@type":"ListItem","position":3,"name":"Wildemar Paredes Moreno"}]},{"@type":"WebSite","@id":"https://www.jepvenezuela.com/museo-de-la-memoria-y-la-represion/#website","url":"https://www.jepvenezuela.com/museo-de-la-memoria-y-la-represion/","name":"Museo de la Memoria y la Represión - JEP Venezuela","description":"Un espacio dedicado a honrar la memoria de los venezolanos que fueron asesinados en el contexto de las manifestaciones pacíficas desde el año 2014 hasta la actualidad","potentialAction":[{"@type":"SearchAction","target":{"@type":"EntryPoint","urlTemplate":"https://www.jepvenezuela.com/museo-de-la-memoria-y-la-represion/?s={search_term_string}"},"query-input":{"@type":"PropertyValueSpecification","valueRequired":true,"valueName":"search_term_string"}}],"inLanguage":"es"}]}</script>
<!-- / Yoast SEO plugin. -->

Wildemar Paredes Moreno - Museo de la Memoria y la Represión - JEP Venezuela

Otra víctima del autoritarismo y de la impunidad del sistema judicial. Este ciudadano de 32 años fue asesinado de un disparo en la estación de servicio Los Llanitos de Tabay, Mérida, en medio de una protesta por el racionamiento de gasolina en la entidad, el sábado 8 de junio de 2019. Seis funcionarios de la [&hellip;]

Museo de la Memoria y la Represión - JEP Venezuela

Caídos

Un espacio dedicado a honrar la memoria de los venezolanos que fueron asesinados en el contexto de las manifestaciones pacíficas desde el año 2014 hasta la actualidad
