{"id":2226,"date":"2022-02-23T00:13:42","date_gmt":"2022-02-23T00:13:42","guid":{"rendered":"https:\/\/www.jepvenezuela.com\/museo-de-la-memoria-y-la-represion\/?post_type=caidos&#038;p=2226"},"modified":"2022-02-23T17:21:43","modified_gmt":"2022-02-23T17:21:43","slug":"cristian-alejandro-ramos","status":"publish","type":"caidos","link":"https:\/\/www.jepvenezuela.com\/museo-de-la-memoria-y-la-represion\/caidos\/cristian-alejandro-ramos\/","title":{"rendered":"Cristian Alejandro Ramos"},"content":{"rendered":"\n<div style=\"height:54px\" aria-hidden=\"true\" class=\"wp-block-spacer\"><\/div>\n\n\n\n<h2>V\u00edctima de persecuci\u00f3n, ejecutado extrajudicialmente el 25 de enero 2019.<\/h2>\n<p><strong>Edad:<\/strong> 18 a\u00f1os. <br><br><strong>Profesi\u00f3n y\/o Oficio:<\/strong> Estudiante de bachillerato.&nbsp;<\/p>\n<p><strong>Presuntos responsables:<\/strong> Funcionarios de Las Fuerzas de Acciones Especiales (<em>FAES<\/em>)&nbsp;<\/p>\n<p><strong>Estado:<\/strong> Lara.&nbsp;<br><br><strong>Rese\u00f1a del caso:<\/strong> El 25 de enero de 2019, en la urbanizaci\u00f3n El Bosque de El Tocuyo. Recibi\u00f3 un disparo por arma de fuego por parte de funcionarios de la Fuerzas Acciones Especiales (FAES) este presuntamente fue visto manifestando cerca de la residencia de la alcaldesa del municipio, Gisela Rodr\u00edguez, y es por esa raz\u00f3n que es asesinado en su residencia.<\/p>\n<p><strong>Estatus Judicial:<\/strong> En proceso de investigaci\u00f3n por parte del Ministerio P\u00fablico<\/p>\n\n\n\n<div style=\"height:59px\" aria-hidden=\"true\" class=\"wp-block-spacer\"><\/div>\n\n\n\n<h2>La voz de su familia<\/h2>\n\n\n\n<div style=\"height:51px\" aria-hidden=\"true\" class=\"wp-block-spacer\"><\/div>\n\n\n\n<figure class=\"wp-block-embed is-type-video is-provider-youtube wp-block-embed-youtube wp-embed-aspect-16-9 wp-has-aspect-ratio\"><div class=\"wp-block-embed__wrapper\">\n<iframe title=\"Testimonio familiares de Cristian Ramos #ConstruimosMemoria\" width=\"992\" height=\"558\" src=\"https:\/\/www.youtube.com\/embed\/jVtq4DmDLVw?feature=oembed\" frameborder=\"0\" allow=\"accelerometer; autoplay; clipboard-write; encrypted-media; gyroscope; picture-in-picture; web-share\" allowfullscreen><\/iframe>\n<\/div><\/figure>\n\n\n\n<div style=\"height:100px\" aria-hidden=\"true\" class=\"wp-block-spacer\"><\/div>\n\n\n\n<h2><strong>Su historia nunca debi\u00f3 estar en este espacio<\/strong><\/h2>\n\n\n\n<div style=\"height:66px\" aria-hidden=\"true\" class=\"wp-block-spacer\"><\/div>\n\n\n\n<h1 style=\"text-align: center\">#RecordarEsJusticia<\/h1>\n","protected":false},"featured_media":2227,"parent":0,"menu_order":0,"template":"","caidos_cat":[5],"class_list":["post-2226","caidos","type-caidos","status-publish","has-post-thumbnail","hentry","caidos_cat-los-del-2019-2020"],"acf":[],"yoast_head":"<!-- This site is optimized with the Yoast SEO plugin v26.7 - https:\/\/yoast.com\/wordpress\/plugins\/seo\/ -->\n<title>Cristian Alejandro Ramos - Museo de la Memoria y la Represi\u00f3n - JEP Venezuela<\/title>\n<meta name=\"robots\" content=\"index, follow, max-snippet:-1, max-image-preview:large, max-video-preview:-1\" \/>\n<link rel=\"canonical\" href=\"https:\/\/www.jepvenezuela.com\/museo-de-la-memoria-y-la-represion\/caidos\/cristian-alejandro-ramos\/\" \/>\n<meta property=\"og:locale\" content=\"es_ES\" \/>\n<meta property=\"og:type\" content=\"article\" \/>\n<meta property=\"og:title\" content=\"Cristian Alejandro Ramos - Museo de la Memoria y la Represi\u00f3n - JEP Venezuela\" \/>\n<meta property=\"og:description\" content=\"V\u00edctima de persecuci\u00f3n, ejecutado extrajudicialmente el 25 de enero 2019. Edad: 18 a\u00f1os. Profesi\u00f3n y\/o Oficio: Estudiante de bachillerato.&nbsp; Presuntos responsables: Funcionarios de Las Fuerzas de Acciones Especiales (FAES)&nbsp; Estado: Lara.&nbsp; Rese\u00f1a del caso: El 25 de enero de 2019, en la urbanizaci\u00f3n El Bosque de El Tocuyo. Recibi\u00f3 un disparo por arma de fuego [&hellip;]\" \/>\n<meta property=\"og:url\" content=\"https:\/\/www.jepvenezuela.com\/museo-de-la-memoria-y-la-represion\/caidos\/cristian-alejandro-ramos\/\" \/>\n<meta property=\"og:site_name\" content=\"Museo de la Memoria y la Represi\u00f3n - JEP Venezuela\" \/>\n<meta property=\"article:publisher\" content=\"https:\/\/www.facebook.com\/JEPVenezuela\" \/>\n<meta property=\"article:modified_time\" content=\"2022-02-23T17:21:43+00:00\" \/>\n<meta property=\"og:image\" content=\"https:\/\/www.jepvenezuela.com\/museo-de-la-memoria-y-la-represion\/wp-content\/uploads\/sites\/2\/2022\/02\/imagenes-museo-2019-ii-4.jpg\" \/>\n\t<meta property=\"og:image:width\" content=\"1920\" \/>\n\t<meta property=\"og:image:height\" content=\"1080\" \/>\n\t<meta property=\"og:image:type\" content=\"image\/jpeg\" \/>\n<meta name=\"twitter:card\" content=\"summary_large_image\" \/>\n<meta name=\"twitter:site\" content=\"@JEPvzla\" \/>\n<meta name=\"twitter:label1\" content=\"Tiempo de lectura\" \/>\n\t<meta name=\"twitter:data1\" content=\"1 minuto\" \/>\n<script type=\"application\/ld+json\" class=\"yoast-schema-graph\">{\"@context\":\"https:\/\/schema.org\",\"@graph\":[{\"@type\":\"WebPage\",\"@id\":\"https:\/\/www.jepvenezuela.com\/museo-de-la-memoria-y-la-represion\/caidos\/cristian-alejandro-ramos\/\",\"url\":\"https:\/\/www.jepvenezuela.com\/museo-de-la-memoria-y-la-represion\/caidos\/cristian-alejandro-ramos\/\",\"name\":\"Cristian Alejandro Ramos - Museo de la Memoria y la Represi\u00f3n - JEP Venezuela\",\"isPartOf\":{\"@id\":\"https:\/\/www.jepvenezuela.com\/museo-de-la-memoria-y-la-represion\/#website\"},\"primaryImageOfPage\":{\"@id\":\"https:\/\/www.jepvenezuela.com\/museo-de-la-memoria-y-la-represion\/caidos\/cristian-alejandro-ramos\/#primaryimage\"},\"image\":{\"@id\":\"https:\/\/www.jepvenezuela.com\/museo-de-la-memoria-y-la-represion\/caidos\/cristian-alejandro-ramos\/#primaryimage\"},\"thumbnailUrl\":\"https:\/\/www.jepvenezuela.com\/museo-de-la-memoria-y-la-represion\/wp-content\/uploads\/sites\/2\/2022\/02\/imagenes-museo-2019-ii-4.jpg\",\"datePublished\":\"2022-02-23T00:13:42+00:00\",\"dateModified\":\"2022-02-23T17:21:43+00:00\",\"breadcrumb\":{\"@id\":\"https:\/\/www.jepvenezuela.com\/museo-de-la-memoria-y-la-represion\/caidos\/cristian-alejandro-ramos\/#breadcrumb\"},\"inLanguage\":\"es\",\"potentialAction\":[{\"@type\":\"ReadAction\",\"target\":[\"https:\/\/www.jepvenezuela.com\/museo-de-la-memoria-y-la-represion\/caidos\/cristian-alejandro-ramos\/\"]}]},{\"@type\":\"ImageObject\",\"inLanguage\":\"es\",\"@id\":\"https:\/\/www.jepvenezuela.com\/museo-de-la-memoria-y-la-represion\/caidos\/cristian-alejandro-ramos\/#primaryimage\",\"url\":\"https:\/\/www.jepvenezuela.com\/museo-de-la-memoria-y-la-represion\/wp-content\/uploads\/sites\/2\/2022\/02\/imagenes-museo-2019-ii-4.jpg\",\"contentUrl\":\"https:\/\/www.jepvenezuela.com\/museo-de-la-memoria-y-la-represion\/wp-content\/uploads\/sites\/2\/2022\/02\/imagenes-museo-2019-ii-4.jpg\",\"width\":1920,\"height\":1080},{\"@type\":\"BreadcrumbList\",\"@id\":\"https:\/\/www.jepvenezuela.com\/museo-de-la-memoria-y-la-represion\/caidos\/cristian-alejandro-ramos\/#breadcrumb\",\"itemListElement\":[{\"@type\":\"ListItem\",\"position\":1,\"name\":\"Portada\",\"item\":\"https:\/\/www.jepvenezuela.com\/museo-de-la-memoria-y-la-represion\/\"},{\"@type\":\"ListItem\",\"position\":2,\"name\":\"Ca\u00eddos\",\"item\":\"https:\/\/www.jepvenezuela.com\/museo-de-la-memoria-y-la-represion\/caidos\/\"},{\"@type\":\"ListItem\",\"position\":3,\"name\":\"Cristian Alejandro Ramos\"}]},{\"@type\":\"WebSite\",\"@id\":\"https:\/\/www.jepvenezuela.com\/museo-de-la-memoria-y-la-represion\/#website\",\"url\":\"https:\/\/www.jepvenezuela.com\/museo-de-la-memoria-y-la-represion\/\",\"name\":\"Museo de la Memoria y la Represi\u00f3n - JEP Venezuela\",\"description\":\"Un espacio dedicado a honrar la memoria de los venezolanos que fueron asesinados en el contexto de las manifestaciones pac\u00edficas desde el a\u00f1o 2014 hasta la actualidad\",\"potentialAction\":[{\"@type\":\"SearchAction\",\"target\":{\"@type\":\"EntryPoint\",\"urlTemplate\":\"https:\/\/www.jepvenezuela.com\/museo-de-la-memoria-y-la-represion\/?s={search_term_string}\"},\"query-input\":{\"@type\":\"PropertyValueSpecification\",\"valueRequired\":true,\"valueName\":\"search_term_string\"}}],\"inLanguage\":\"es\"}]}<\/script>\n<!-- \/ Yoast SEO plugin. -->","yoast_head_json":{"title":"Cristian Alejandro Ramos - Museo de la Memoria y la Represi\u00f3n - JEP Venezuela","robots":{"index":"index","follow":"follow","max-snippet":"max-snippet:-1","max-image-preview":"max-image-preview:large","max-video-preview":"max-video-preview:-1"},"canonical":"https:\/\/www.jepvenezuela.com\/museo-de-la-memoria-y-la-represion\/caidos\/cristian-alejandro-ramos\/","og_locale":"es_ES","og_type":"article","og_title":"Cristian Alejandro Ramos - Museo de la Memoria y la Represi\u00f3n - JEP Venezuela","og_description":"V\u00edctima de persecuci\u00f3n, ejecutado extrajudicialmente el 25 de enero 2019. Edad: 18 a\u00f1os. Profesi\u00f3n y\/o Oficio: Estudiante de bachillerato.&nbsp; Presuntos responsables: Funcionarios de Las Fuerzas de Acciones Especiales (FAES)&nbsp; Estado: Lara.&nbsp; Rese\u00f1a del caso: El 25 de enero de 2019, en la urbanizaci\u00f3n El Bosque de El Tocuyo. Recibi\u00f3 un disparo por arma de fuego [&hellip;]","og_url":"https:\/\/www.jepvenezuela.com\/museo-de-la-memoria-y-la-represion\/caidos\/cristian-alejandro-ramos\/","og_site_name":"Museo de la Memoria y la Represi\u00f3n - JEP Venezuela","article_publisher":"https:\/\/www.facebook.com\/JEPVenezuela","article_modified_time":"2022-02-23T17:21:43+00:00","og_image":[{"width":1920,"height":1080,"url":"https:\/\/www.jepvenezuela.com\/museo-de-la-memoria-y-la-represion\/wp-content\/uploads\/sites\/2\/2022\/02\/imagenes-museo-2019-ii-4.jpg","type":"image\/jpeg"}],"twitter_card":"summary_large_image","twitter_site":"@JEPvzla","twitter_misc":{"Tiempo de lectura":"1 minuto"},"schema":{"@context":"https:\/\/schema.org","@graph":[{"@type":"WebPage","@id":"https:\/\/www.jepvenezuela.com\/museo-de-la-memoria-y-la-represion\/caidos\/cristian-alejandro-ramos\/","url":"https:\/\/www.jepvenezuela.com\/museo-de-la-memoria-y-la-represion\/caidos\/cristian-alejandro-ramos\/","name":"Cristian Alejandro Ramos - Museo de la Memoria y la Represi\u00f3n - JEP Venezuela","isPartOf":{"@id":"https:\/\/www.jepvenezuela.com\/museo-de-la-memoria-y-la-represion\/#website"},"primaryImageOfPage":{"@id":"https:\/\/www.jepvenezuela.com\/museo-de-la-memoria-y-la-represion\/caidos\/cristian-alejandro-ramos\/#primaryimage"},"image":{"@id":"https:\/\/www.jepvenezuela.com\/museo-de-la-memoria-y-la-represion\/caidos\/cristian-alejandro-ramos\/#primaryimage"},"thumbnailUrl":"https:\/\/www.jepvenezuela.com\/museo-de-la-memoria-y-la-represion\/wp-content\/uploads\/sites\/2\/2022\/02\/imagenes-museo-2019-ii-4.jpg","datePublished":"2022-02-23T00:13:42+00:00","dateModified":"2022-02-23T17:21:43+00:00","breadcrumb":{"@id":"https:\/\/www.jepvenezuela.com\/museo-de-la-memoria-y-la-represion\/caidos\/cristian-alejandro-ramos\/#breadcrumb"},"inLanguage":"es","potentialAction":[{"@type":"ReadAction","target":["https:\/\/www.jepvenezuela.com\/museo-de-la-memoria-y-la-represion\/caidos\/cristian-alejandro-ramos\/"]}]},{"@type":"ImageObject","inLanguage":"es","@id":"https:\/\/www.jepvenezuela.com\/museo-de-la-memoria-y-la-represion\/caidos\/cristian-alejandro-ramos\/#primaryimage","url":"https:\/\/www.jepvenezuela.com\/museo-de-la-memoria-y-la-represion\/wp-content\/uploads\/sites\/2\/2022\/02\/imagenes-museo-2019-ii-4.jpg","contentUrl":"https:\/\/www.jepvenezuela.com\/museo-de-la-memoria-y-la-represion\/wp-content\/uploads\/sites\/2\/2022\/02\/imagenes-museo-2019-ii-4.jpg","width":1920,"height":1080},{"@type":"BreadcrumbList","@id":"https:\/\/www.jepvenezuela.com\/museo-de-la-memoria-y-la-represion\/caidos\/cristian-alejandro-ramos\/#breadcrumb","itemListElement":[{"@type":"ListItem","position":1,"name":"Portada","item":"https:\/\/www.jepvenezuela.com\/museo-de-la-memoria-y-la-represion\/"},{"@type":"ListItem","position":2,"name":"Ca\u00eddos","item":"https:\/\/www.jepvenezuela.com\/museo-de-la-memoria-y-la-represion\/caidos\/"},{"@type":"ListItem","position":3,"name":"Cristian Alejandro Ramos"}]},{"@type":"WebSite","@id":"https:\/\/www.jepvenezuela.com\/museo-de-la-memoria-y-la-represion\/#website","url":"https:\/\/www.jepvenezuela.com\/museo-de-la-memoria-y-la-represion\/","name":"Museo de la Memoria y la Represi\u00f3n - JEP Venezuela","description":"Un espacio dedicado a honrar la memoria de los venezolanos que fueron asesinados en el contexto de las manifestaciones pac\u00edficas desde el a\u00f1o 2014 hasta la actualidad","potentialAction":[{"@type":"SearchAction","target":{"@type":"EntryPoint","urlTemplate":"https:\/\/www.jepvenezuela.com\/museo-de-la-memoria-y-la-represion\/?s={search_term_string}"},"query-input":{"@type":"PropertyValueSpecification","valueRequired":true,"valueName":"search_term_string"}}],"inLanguage":"es"}]}},"_links":{"self":[{"href":"https:\/\/www.jepvenezuela.com\/museo-de-la-memoria-y-la-represion\/wp-json\/wp\/v2\/caidos\/2226","targetHints":{"allow":["GET"]}}],"collection":[{"href":"https:\/\/www.jepvenezuela.com\/museo-de-la-memoria-y-la-represion\/wp-json\/wp\/v2\/caidos"}],"about":[{"href":"https:\/\/www.jepvenezuela.com\/museo-de-la-memoria-y-la-represion\/wp-json\/wp\/v2\/types\/caidos"}],"wp:featuredmedia":[{"embeddable":true,"href":"https:\/\/www.jepvenezuela.com\/museo-de-la-memoria-y-la-represion\/wp-json\/wp\/v2\/media\/2227"}],"wp:attachment":[{"href":"https:\/\/www.jepvenezuela.com\/museo-de-la-memoria-y-la-represion\/wp-json\/wp\/v2\/media?parent=2226"}],"wp:term":[{"taxonomy":"caidos_cat","embeddable":true,"href":"https:\/\/www.jepvenezuela.com\/museo-de-la-memoria-y-la-represion\/wp-json\/wp\/v2\/caidos_cat?post=2226"}],"curies":[{"name":"wp","href":"https:\/\/api.w.org\/{rel}","templated":true}]}}

<div style="height:54px" aria-hidden="true" class="wp-block-spacer"></div>



<h2>Víctima de persecución, ejecutado extrajudicialmente el 25 de enero 2019.</h2>
<p><strong>Edad:</strong> 18 años. <br><br><strong>Profesión y/o Oficio:</strong> Estudiante de bachillerato.&nbsp;</p>
<p><strong>Presuntos responsables:</strong> Funcionarios de Las Fuerzas de Acciones Especiales (<em>FAES</em>)&nbsp;</p>
<p><strong>Estado:</strong> Lara.&nbsp;<br><br><strong>Reseña del caso:</strong> El 25 de enero de 2019, en la urbanización El Bosque de El Tocuyo. Recibió un disparo por arma de fuego por parte de funcionarios de la Fuerzas Acciones Especiales (FAES) este presuntamente fue visto manifestando cerca de la residencia de la alcaldesa del municipio, Gisela Rodríguez, y es por esa razón que es asesinado en su residencia.</p>
<p><strong>Estatus Judicial:</strong> En proceso de investigación por parte del Ministerio Público</p>



<div style="height:59px" aria-hidden="true" class="wp-block-spacer"></div>



<h2>La voz de su familia</h2>



<div style="height:51px" aria-hidden="true" class="wp-block-spacer"></div>



<figure class="wp-block-embed is-type-video is-provider-youtube wp-block-embed-youtube wp-embed-aspect-16-9 wp-has-aspect-ratio"><div class="wp-block-embed__wrapper">
<iframe title="Testimonio familiares de Cristian Ramos #ConstruimosMemoria" width="992" height="558" src="https://www.youtube.com/embed/jVtq4DmDLVw?feature=oembed" frameborder="0" allow="accelerometer; autoplay; clipboard-write; encrypted-media; gyroscope; picture-in-picture; web-share" allowfullscreen></iframe>
</div></figure>



<div style="height:100px" aria-hidden="true" class="wp-block-spacer"></div>



<h2><strong>Su historia nunca debió estar en este espacio</strong></h2>



<div style="height:66px" aria-hidden="true" class="wp-block-spacer"></div>



<h1 style="text-align: center">#RecordarEsJusticia</h1>

<!-- This site is optimized with the Yoast SEO plugin v26.7 - https://yoast.com/wordpress/plugins/seo/ -->
<title>Cristian Alejandro Ramos - Museo de la Memoria y la Represión - JEP Venezuela</title>
<meta name="robots" content="index, follow, max-snippet:-1, max-image-preview:large, max-video-preview:-1" />
<link rel="canonical" href="https://www.jepvenezuela.com/museo-de-la-memoria-y-la-represion/caidos/cristian-alejandro-ramos/" />
<meta property="og:locale" content="es_ES" />
<meta property="og:type" content="article" />
<meta property="og:title" content="Cristian Alejandro Ramos - Museo de la Memoria y la Represión - JEP Venezuela" />
<meta property="og:description" content="Víctima de persecución, ejecutado extrajudicialmente el 25 de enero 2019. Edad: 18 años. Profesión y/o Oficio: Estudiante de bachillerato.&nbsp; Presuntos responsables: Funcionarios de Las Fuerzas de Acciones Especiales (FAES)&nbsp; Estado: Lara.&nbsp; Reseña del caso: El 25 de enero de 2019, en la urbanización El Bosque de El Tocuyo. Recibió un disparo por arma de fuego [&hellip;]" />
<meta property="og:url" content="https://www.jepvenezuela.com/museo-de-la-memoria-y-la-represion/caidos/cristian-alejandro-ramos/" />
<meta property="og:site_name" content="Museo de la Memoria y la Represión - JEP Venezuela" />
<meta property="article:publisher" content="https://www.facebook.com/JEPVenezuela" />
<meta property="article:modified_time" content="2022-02-23T17:21:43+00:00" />
<meta property="og:image" content="https://www.jepvenezuela.com/museo-de-la-memoria-y-la-represion/wp-content/uploads/sites/2/2022/02/imagenes-museo-2019-ii-4.jpg" />
	<meta property="og:image:width" content="1920" />
	<meta property="og:image:height" content="1080" />
	<meta property="og:image:type" content="image/jpeg" />
<meta name="twitter:card" content="summary_large_image" />
<meta name="twitter:site" content="@JEPvzla" />
<meta name="twitter:label1" content="Tiempo de lectura" />
	<meta name="twitter:data1" content="1 minuto" />
<script type="application/ld+json" class="yoast-schema-graph">{"@context":"https://schema.org","@graph":[{"@type":"WebPage","@id":"https://www.jepvenezuela.com/museo-de-la-memoria-y-la-represion/caidos/cristian-alejandro-ramos/","url":"https://www.jepvenezuela.com/museo-de-la-memoria-y-la-represion/caidos/cristian-alejandro-ramos/","name":"Cristian Alejandro Ramos - Museo de la Memoria y la Represión - JEP Venezuela","isPartOf":{"@id":"https://www.jepvenezuela.com/museo-de-la-memoria-y-la-represion/#website"},"primaryImageOfPage":{"@id":"https://www.jepvenezuela.com/museo-de-la-memoria-y-la-represion/caidos/cristian-alejandro-ramos/#primaryimage"},"image":{"@id":"https://www.jepvenezuela.com/museo-de-la-memoria-y-la-represion/caidos/cristian-alejandro-ramos/#primaryimage"},"thumbnailUrl":"https://www.jepvenezuela.com/museo-de-la-memoria-y-la-represion/wp-content/uploads/sites/2/2022/02/imagenes-museo-2019-ii-4.jpg","datePublished":"2022-02-23T00:13:42+00:00","dateModified":"2022-02-23T17:21:43+00:00","breadcrumb":{"@id":"https://www.jepvenezuela.com/museo-de-la-memoria-y-la-represion/caidos/cristian-alejandro-ramos/#breadcrumb"},"inLanguage":"es","potentialAction":[{"@type":"ReadAction","target":["https://www.jepvenezuela.com/museo-de-la-memoria-y-la-represion/caidos/cristian-alejandro-ramos/"]}]},{"@type":"ImageObject","inLanguage":"es","@id":"https://www.jepvenezuela.com/museo-de-la-memoria-y-la-represion/caidos/cristian-alejandro-ramos/#primaryimage","url":"https://www.jepvenezuela.com/museo-de-la-memoria-y-la-represion/wp-content/uploads/sites/2/2022/02/imagenes-museo-2019-ii-4.jpg","contentUrl":"https://www.jepvenezuela.com/museo-de-la-memoria-y-la-represion/wp-content/uploads/sites/2/2022/02/imagenes-museo-2019-ii-4.jpg","width":1920,"height":1080},{"@type":"BreadcrumbList","@id":"https://www.jepvenezuela.com/museo-de-la-memoria-y-la-represion/caidos/cristian-alejandro-ramos/#breadcrumb","itemListElement":[{"@type":"ListItem","position":1,"name":"Portada","item":"https://www.jepvenezuela.com/museo-de-la-memoria-y-la-represion/"},{"@type":"ListItem","position":2,"name":"Caídos","item":"https://www.jepvenezuela.com/museo-de-la-memoria-y-la-represion/caidos/"},{"@type":"ListItem","position":3,"name":"Cristian Alejandro Ramos"}]},{"@type":"WebSite","@id":"https://www.jepvenezuela.com/museo-de-la-memoria-y-la-represion/#website","url":"https://www.jepvenezuela.com/museo-de-la-memoria-y-la-represion/","name":"Museo de la Memoria y la Represión - JEP Venezuela","description":"Un espacio dedicado a honrar la memoria de los venezolanos que fueron asesinados en el contexto de las manifestaciones pacíficas desde el año 2014 hasta la actualidad","potentialAction":[{"@type":"SearchAction","target":{"@type":"EntryPoint","urlTemplate":"https://www.jepvenezuela.com/museo-de-la-memoria-y-la-represion/?s={search_term_string}"},"query-input":{"@type":"PropertyValueSpecification","valueRequired":true,"valueName":"search_term_string"}}],"inLanguage":"es"}]}</script>
<!-- / Yoast SEO plugin. -->

Cristian Alejandro Ramos - Museo de la Memoria y la Represión - JEP Venezuela

Víctima de persecución, ejecutado extrajudicialmente el 25 de enero 2019. Edad: 18 años. Profesión y/o Oficio: Estudiante de bachillerato.&nbsp; Presuntos responsables: Funcionarios de Las Fuerzas de Acciones Especiales (FAES)&nbsp; Estado: Lara.&nbsp; Reseña del caso: El 25 de enero de 2019, en la urbanización El Bosque de El Tocuyo. Recibió un disparo por arma de fuego [&hellip;]

Museo de la Memoria y la Represión - JEP Venezuela

Caídos

Un espacio dedicado a honrar la memoria de los venezolanos que fueron asesinados en el contexto de las manifestaciones pacíficas desde el año 2014 hasta la actualidad
