{"id":904,"date":"2020-12-10T08:44:16","date_gmt":"2020-12-10T08:44:16","guid":{"rendered":"https:\/\/test.jepvenezuela.com\/museo-de-la-memoria-y-la-represion\/?post_type=caidos&amp;p=904"},"modified":"2020-12-10T08:44:16","modified_gmt":"2020-12-10T08:44:16","slug":"luiyin-alfonzo-paz-borjas","status":"publish","type":"caidos","link":"https:\/\/www.jepvenezuela.com\/museo-de-la-memoria-y-la-represion\/caidos\/luiyin-alfonzo-paz-borjas\/","title":{"rendered":"Luiyin Alfonzo Paz Borjas"},"content":{"rendered":"\n<h2><strong>Los abusos y violaciones a los derechos humanos en Venezuela han sido denunciados, no como hechos aislados, sino como una pol\u00edtica de Estado<\/strong><\/h2>\n\n\n\n<div style=\"height:100px\" aria-hidden=\"true\" class=\"wp-block-spacer\"><\/div>\n\n\n\n<h5>La tarde del mi\u00e9rcoles 28 de junio de 2017, este joven comerciante de 20 a\u00f1os de edad se encontraba en el distribuidor Perij\u00e1 1, autopista Circunvalaci\u00f3n 1de la capital del Zulia, cuando muri\u00f3 arrollado por un cami\u00f3n cisterna durante el desarrollo del \u201ctrancazo nacional\u201d pautado ese d\u00eda. <br \/>Se desconoce el paradero del responsable del crimen. El Ministerio P\u00fablico argumenta que \u201cse encuentra investigando\u201d.<\/h5>\n\n\n\n<div style=\"height:100px\" aria-hidden=\"true\" class=\"wp-block-spacer\"><\/div>\n\n\n\n<h2><strong>Todas las personas tienen derecho a la democracia y los Estados tienen la obligaci\u00f3n de promoverla y defenderla.<\/strong><\/h2>\n\n\n\n<div style=\"height:100px\" aria-hidden=\"true\" class=\"wp-block-spacer\"><\/div>\n\n\n\n<hr class=\"wp-block-separator has-text-color has-background has-white-background-color has-white-color\" \/>\n\n\n\n<div style=\"height:100px\" aria-hidden=\"true\" class=\"wp-block-spacer\"><\/div>\n\n\n\n<h1 style=\"text-align: center\">#RecordarEsJusticia<\/h1>\n    \t","protected":false},"featured_media":905,"parent":0,"menu_order":0,"template":"","caidos_cat":[3],"class_list":["post-904","caidos","type-caidos","status-publish","has-post-thumbnail","hentry","caidos_cat-los-del-2017-2018"],"acf":[],"yoast_head":"<!-- This site is optimized with the Yoast SEO plugin v26.7 - https:\/\/yoast.com\/wordpress\/plugins\/seo\/ -->\n<title>Luiyin Alfonzo Paz Borjas - Museo de la Memoria y la Represi\u00f3n - JEP Venezuela<\/title>\n<meta name=\"robots\" content=\"index, follow, max-snippet:-1, max-image-preview:large, max-video-preview:-1\" \/>\n<link rel=\"canonical\" href=\"https:\/\/www.jepvenezuela.com\/museo-de-la-memoria-y-la-represion\/caidos\/luiyin-alfonzo-paz-borjas\/\" \/>\n<meta property=\"og:locale\" content=\"es_ES\" \/>\n<meta property=\"og:type\" content=\"article\" \/>\n<meta property=\"og:title\" content=\"Luiyin Alfonzo Paz Borjas - Museo de la Memoria y la Represi\u00f3n - JEP Venezuela\" \/>\n<meta property=\"og:description\" content=\"Los abusos y violaciones a los derechos humanos en Venezuela han sido denunciados, no como hechos aislados, sino como una pol\u00edtica de Estado La tarde del mi\u00e9rcoles 28 de junio de 2017, este joven comerciante de 20 a\u00f1os de edad se encontraba en el distribuidor Perij\u00e1 1, autopista Circunvalaci\u00f3n 1de la capital del Zulia, cuando [&hellip;]\" \/>\n<meta property=\"og:url\" content=\"https:\/\/www.jepvenezuela.com\/museo-de-la-memoria-y-la-represion\/caidos\/luiyin-alfonzo-paz-borjas\/\" \/>\n<meta property=\"og:site_name\" content=\"Museo de la Memoria y la Represi\u00f3n - JEP Venezuela\" \/>\n<meta property=\"article:publisher\" content=\"https:\/\/www.facebook.com\/JEPVenezuela\" \/>\n<meta property=\"og:image\" content=\"https:\/\/www.jepvenezuela.com\/museo-de-la-memoria-y-la-represion\/wp-content\/uploads\/sites\/2\/2020\/12\/imagenes-museo-79.png\" \/>\n\t<meta property=\"og:image:width\" content=\"1920\" \/>\n\t<meta property=\"og:image:height\" content=\"1080\" \/>\n\t<meta property=\"og:image:type\" content=\"image\/png\" \/>\n<meta name=\"twitter:card\" content=\"summary_large_image\" \/>\n<meta name=\"twitter:site\" content=\"@JEPvzla\" \/>\n<meta name=\"twitter:label1\" content=\"Tiempo de lectura\" \/>\n\t<meta name=\"twitter:data1\" content=\"1 minuto\" \/>\n<script type=\"application\/ld+json\" class=\"yoast-schema-graph\">{\"@context\":\"https:\/\/schema.org\",\"@graph\":[{\"@type\":\"WebPage\",\"@id\":\"https:\/\/www.jepvenezuela.com\/museo-de-la-memoria-y-la-represion\/caidos\/luiyin-alfonzo-paz-borjas\/\",\"url\":\"https:\/\/www.jepvenezuela.com\/museo-de-la-memoria-y-la-represion\/caidos\/luiyin-alfonzo-paz-borjas\/\",\"name\":\"Luiyin Alfonzo Paz Borjas - Museo de la Memoria y la Represi\u00f3n - JEP Venezuela\",\"isPartOf\":{\"@id\":\"https:\/\/www.jepvenezuela.com\/museo-de-la-memoria-y-la-represion\/#website\"},\"primaryImageOfPage\":{\"@id\":\"https:\/\/www.jepvenezuela.com\/museo-de-la-memoria-y-la-represion\/caidos\/luiyin-alfonzo-paz-borjas\/#primaryimage\"},\"image\":{\"@id\":\"https:\/\/www.jepvenezuela.com\/museo-de-la-memoria-y-la-represion\/caidos\/luiyin-alfonzo-paz-borjas\/#primaryimage\"},\"thumbnailUrl\":\"https:\/\/www.jepvenezuela.com\/museo-de-la-memoria-y-la-represion\/wp-content\/uploads\/sites\/2\/2020\/12\/imagenes-museo-79.png\",\"datePublished\":\"2020-12-10T08:44:16+00:00\",\"breadcrumb\":{\"@id\":\"https:\/\/www.jepvenezuela.com\/museo-de-la-memoria-y-la-represion\/caidos\/luiyin-alfonzo-paz-borjas\/#breadcrumb\"},\"inLanguage\":\"es\",\"potentialAction\":[{\"@type\":\"ReadAction\",\"target\":[\"https:\/\/www.jepvenezuela.com\/museo-de-la-memoria-y-la-represion\/caidos\/luiyin-alfonzo-paz-borjas\/\"]}]},{\"@type\":\"ImageObject\",\"inLanguage\":\"es\",\"@id\":\"https:\/\/www.jepvenezuela.com\/museo-de-la-memoria-y-la-represion\/caidos\/luiyin-alfonzo-paz-borjas\/#primaryimage\",\"url\":\"https:\/\/www.jepvenezuela.com\/museo-de-la-memoria-y-la-represion\/wp-content\/uploads\/sites\/2\/2020\/12\/imagenes-museo-79.png\",\"contentUrl\":\"https:\/\/www.jepvenezuela.com\/museo-de-la-memoria-y-la-represion\/wp-content\/uploads\/sites\/2\/2020\/12\/imagenes-museo-79.png\",\"width\":1920,\"height\":1080},{\"@type\":\"BreadcrumbList\",\"@id\":\"https:\/\/www.jepvenezuela.com\/museo-de-la-memoria-y-la-represion\/caidos\/luiyin-alfonzo-paz-borjas\/#breadcrumb\",\"itemListElement\":[{\"@type\":\"ListItem\",\"position\":1,\"name\":\"Portada\",\"item\":\"https:\/\/www.jepvenezuela.com\/museo-de-la-memoria-y-la-represion\/\"},{\"@type\":\"ListItem\",\"position\":2,\"name\":\"Ca\u00eddos\",\"item\":\"https:\/\/www.jepvenezuela.com\/museo-de-la-memoria-y-la-represion\/caidos\/\"},{\"@type\":\"ListItem\",\"position\":3,\"name\":\"Luiyin Alfonzo Paz Borjas\"}]},{\"@type\":\"WebSite\",\"@id\":\"https:\/\/www.jepvenezuela.com\/museo-de-la-memoria-y-la-represion\/#website\",\"url\":\"https:\/\/www.jepvenezuela.com\/museo-de-la-memoria-y-la-represion\/\",\"name\":\"Museo de la Memoria y la Represi\u00f3n - JEP Venezuela\",\"description\":\"Un espacio dedicado a honrar la memoria de los venezolanos que fueron asesinados en el contexto de las manifestaciones pac\u00edficas desde el a\u00f1o 2014 hasta la actualidad\",\"potentialAction\":[{\"@type\":\"SearchAction\",\"target\":{\"@type\":\"EntryPoint\",\"urlTemplate\":\"https:\/\/www.jepvenezuela.com\/museo-de-la-memoria-y-la-represion\/?s={search_term_string}\"},\"query-input\":{\"@type\":\"PropertyValueSpecification\",\"valueRequired\":true,\"valueName\":\"search_term_string\"}}],\"inLanguage\":\"es\"}]}<\/script>\n<!-- \/ Yoast SEO plugin. -->","yoast_head_json":{"title":"Luiyin Alfonzo Paz Borjas - Museo de la Memoria y la Represi\u00f3n - JEP Venezuela","robots":{"index":"index","follow":"follow","max-snippet":"max-snippet:-1","max-image-preview":"max-image-preview:large","max-video-preview":"max-video-preview:-1"},"canonical":"https:\/\/www.jepvenezuela.com\/museo-de-la-memoria-y-la-represion\/caidos\/luiyin-alfonzo-paz-borjas\/","og_locale":"es_ES","og_type":"article","og_title":"Luiyin Alfonzo Paz Borjas - Museo de la Memoria y la Represi\u00f3n - JEP Venezuela","og_description":"Los abusos y violaciones a los derechos humanos en Venezuela han sido denunciados, no como hechos aislados, sino como una pol\u00edtica de Estado La tarde del mi\u00e9rcoles 28 de junio de 2017, este joven comerciante de 20 a\u00f1os de edad se encontraba en el distribuidor Perij\u00e1 1, autopista Circunvalaci\u00f3n 1de la capital del Zulia, cuando [&hellip;]","og_url":"https:\/\/www.jepvenezuela.com\/museo-de-la-memoria-y-la-represion\/caidos\/luiyin-alfonzo-paz-borjas\/","og_site_name":"Museo de la Memoria y la Represi\u00f3n - JEP Venezuela","article_publisher":"https:\/\/www.facebook.com\/JEPVenezuela","og_image":[{"width":1920,"height":1080,"url":"https:\/\/www.jepvenezuela.com\/museo-de-la-memoria-y-la-represion\/wp-content\/uploads\/sites\/2\/2020\/12\/imagenes-museo-79.png","type":"image\/png"}],"twitter_card":"summary_large_image","twitter_site":"@JEPvzla","twitter_misc":{"Tiempo de lectura":"1 minuto"},"schema":{"@context":"https:\/\/schema.org","@graph":[{"@type":"WebPage","@id":"https:\/\/www.jepvenezuela.com\/museo-de-la-memoria-y-la-represion\/caidos\/luiyin-alfonzo-paz-borjas\/","url":"https:\/\/www.jepvenezuela.com\/museo-de-la-memoria-y-la-represion\/caidos\/luiyin-alfonzo-paz-borjas\/","name":"Luiyin Alfonzo Paz Borjas - Museo de la Memoria y la Represi\u00f3n - JEP Venezuela","isPartOf":{"@id":"https:\/\/www.jepvenezuela.com\/museo-de-la-memoria-y-la-represion\/#website"},"primaryImageOfPage":{"@id":"https:\/\/www.jepvenezuela.com\/museo-de-la-memoria-y-la-represion\/caidos\/luiyin-alfonzo-paz-borjas\/#primaryimage"},"image":{"@id":"https:\/\/www.jepvenezuela.com\/museo-de-la-memoria-y-la-represion\/caidos\/luiyin-alfonzo-paz-borjas\/#primaryimage"},"thumbnailUrl":"https:\/\/www.jepvenezuela.com\/museo-de-la-memoria-y-la-represion\/wp-content\/uploads\/sites\/2\/2020\/12\/imagenes-museo-79.png","datePublished":"2020-12-10T08:44:16+00:00","breadcrumb":{"@id":"https:\/\/www.jepvenezuela.com\/museo-de-la-memoria-y-la-represion\/caidos\/luiyin-alfonzo-paz-borjas\/#breadcrumb"},"inLanguage":"es","potentialAction":[{"@type":"ReadAction","target":["https:\/\/www.jepvenezuela.com\/museo-de-la-memoria-y-la-represion\/caidos\/luiyin-alfonzo-paz-borjas\/"]}]},{"@type":"ImageObject","inLanguage":"es","@id":"https:\/\/www.jepvenezuela.com\/museo-de-la-memoria-y-la-represion\/caidos\/luiyin-alfonzo-paz-borjas\/#primaryimage","url":"https:\/\/www.jepvenezuela.com\/museo-de-la-memoria-y-la-represion\/wp-content\/uploads\/sites\/2\/2020\/12\/imagenes-museo-79.png","contentUrl":"https:\/\/www.jepvenezuela.com\/museo-de-la-memoria-y-la-represion\/wp-content\/uploads\/sites\/2\/2020\/12\/imagenes-museo-79.png","width":1920,"height":1080},{"@type":"BreadcrumbList","@id":"https:\/\/www.jepvenezuela.com\/museo-de-la-memoria-y-la-represion\/caidos\/luiyin-alfonzo-paz-borjas\/#breadcrumb","itemListElement":[{"@type":"ListItem","position":1,"name":"Portada","item":"https:\/\/www.jepvenezuela.com\/museo-de-la-memoria-y-la-represion\/"},{"@type":"ListItem","position":2,"name":"Ca\u00eddos","item":"https:\/\/www.jepvenezuela.com\/museo-de-la-memoria-y-la-represion\/caidos\/"},{"@type":"ListItem","position":3,"name":"Luiyin Alfonzo Paz Borjas"}]},{"@type":"WebSite","@id":"https:\/\/www.jepvenezuela.com\/museo-de-la-memoria-y-la-represion\/#website","url":"https:\/\/www.jepvenezuela.com\/museo-de-la-memoria-y-la-represion\/","name":"Museo de la Memoria y la Represi\u00f3n - JEP Venezuela","description":"Un espacio dedicado a honrar la memoria de los venezolanos que fueron asesinados en el contexto de las manifestaciones pac\u00edficas desde el a\u00f1o 2014 hasta la actualidad","potentialAction":[{"@type":"SearchAction","target":{"@type":"EntryPoint","urlTemplate":"https:\/\/www.jepvenezuela.com\/museo-de-la-memoria-y-la-represion\/?s={search_term_string}"},"query-input":{"@type":"PropertyValueSpecification","valueRequired":true,"valueName":"search_term_string"}}],"inLanguage":"es"}]}},"_links":{"self":[{"href":"https:\/\/www.jepvenezuela.com\/museo-de-la-memoria-y-la-represion\/wp-json\/wp\/v2\/caidos\/904","targetHints":{"allow":["GET"]}}],"collection":[{"href":"https:\/\/www.jepvenezuela.com\/museo-de-la-memoria-y-la-represion\/wp-json\/wp\/v2\/caidos"}],"about":[{"href":"https:\/\/www.jepvenezuela.com\/museo-de-la-memoria-y-la-represion\/wp-json\/wp\/v2\/types\/caidos"}],"wp:featuredmedia":[{"embeddable":true,"href":"https:\/\/www.jepvenezuela.com\/museo-de-la-memoria-y-la-represion\/wp-json\/wp\/v2\/media\/905"}],"wp:attachment":[{"href":"https:\/\/www.jepvenezuela.com\/museo-de-la-memoria-y-la-represion\/wp-json\/wp\/v2\/media?parent=904"}],"wp:term":[{"taxonomy":"caidos_cat","embeddable":true,"href":"https:\/\/www.jepvenezuela.com\/museo-de-la-memoria-y-la-represion\/wp-json\/wp\/v2\/caidos_cat?post=904"}],"curies":[{"name":"wp","href":"https:\/\/api.w.org\/{rel}","templated":true}]}}

<h2><strong>Los abusos y violaciones a los derechos humanos en Venezuela han sido denunciados, no como hechos aislados, sino como una política de Estado</strong></h2>



<div style="height:100px" aria-hidden="true" class="wp-block-spacer"></div>



<h5>La tarde del miércoles 28 de junio de 2017, este joven comerciante de 20 años de edad se encontraba en el distribuidor Perijá 1, autopista Circunvalación 1de la capital del Zulia, cuando murió arrollado por un camión cisterna durante el desarrollo del “trancazo nacional” pautado ese día. <br />Se desconoce el paradero del responsable del crimen. El Ministerio Público argumenta que “se encuentra investigando”.</h5>



<div style="height:100px" aria-hidden="true" class="wp-block-spacer"></div>



<h2><strong>Todas las personas tienen derecho a la democracia y los Estados tienen la obligación de promoverla y defenderla.</strong></h2>



<div style="height:100px" aria-hidden="true" class="wp-block-spacer"></div>



<hr class="wp-block-separator has-text-color has-background has-white-background-color has-white-color" />



<div style="height:100px" aria-hidden="true" class="wp-block-spacer"></div>



<h1 style="text-align: center">#RecordarEsJusticia</h1>

<!-- This site is optimized with the Yoast SEO plugin v26.7 - https://yoast.com/wordpress/plugins/seo/ -->
<title>Luiyin Alfonzo Paz Borjas - Museo de la Memoria y la Represión - JEP Venezuela</title>
<meta name="robots" content="index, follow, max-snippet:-1, max-image-preview:large, max-video-preview:-1" />
<link rel="canonical" href="https://www.jepvenezuela.com/museo-de-la-memoria-y-la-represion/caidos/luiyin-alfonzo-paz-borjas/" />
<meta property="og:locale" content="es_ES" />
<meta property="og:type" content="article" />
<meta property="og:title" content="Luiyin Alfonzo Paz Borjas - Museo de la Memoria y la Represión - JEP Venezuela" />
<meta property="og:description" content="Los abusos y violaciones a los derechos humanos en Venezuela han sido denunciados, no como hechos aislados, sino como una política de Estado La tarde del miércoles 28 de junio de 2017, este joven comerciante de 20 años de edad se encontraba en el distribuidor Perijá 1, autopista Circunvalación 1de la capital del Zulia, cuando [&hellip;]" />
<meta property="og:url" content="https://www.jepvenezuela.com/museo-de-la-memoria-y-la-represion/caidos/luiyin-alfonzo-paz-borjas/" />
<meta property="og:site_name" content="Museo de la Memoria y la Represión - JEP Venezuela" />
<meta property="article:publisher" content="https://www.facebook.com/JEPVenezuela" />
<meta property="og:image" content="https://www.jepvenezuela.com/museo-de-la-memoria-y-la-represion/wp-content/uploads/sites/2/2020/12/imagenes-museo-79.png" />
	<meta property="og:image:width" content="1920" />
	<meta property="og:image:height" content="1080" />
	<meta property="og:image:type" content="image/png" />
<meta name="twitter:card" content="summary_large_image" />
<meta name="twitter:site" content="@JEPvzla" />
<meta name="twitter:label1" content="Tiempo de lectura" />
	<meta name="twitter:data1" content="1 minuto" />
<script type="application/ld+json" class="yoast-schema-graph">{"@context":"https://schema.org","@graph":[{"@type":"WebPage","@id":"https://www.jepvenezuela.com/museo-de-la-memoria-y-la-represion/caidos/luiyin-alfonzo-paz-borjas/","url":"https://www.jepvenezuela.com/museo-de-la-memoria-y-la-represion/caidos/luiyin-alfonzo-paz-borjas/","name":"Luiyin Alfonzo Paz Borjas - Museo de la Memoria y la Represión - JEP Venezuela","isPartOf":{"@id":"https://www.jepvenezuela.com/museo-de-la-memoria-y-la-represion/#website"},"primaryImageOfPage":{"@id":"https://www.jepvenezuela.com/museo-de-la-memoria-y-la-represion/caidos/luiyin-alfonzo-paz-borjas/#primaryimage"},"image":{"@id":"https://www.jepvenezuela.com/museo-de-la-memoria-y-la-represion/caidos/luiyin-alfonzo-paz-borjas/#primaryimage"},"thumbnailUrl":"https://www.jepvenezuela.com/museo-de-la-memoria-y-la-represion/wp-content/uploads/sites/2/2020/12/imagenes-museo-79.png","datePublished":"2020-12-10T08:44:16+00:00","breadcrumb":{"@id":"https://www.jepvenezuela.com/museo-de-la-memoria-y-la-represion/caidos/luiyin-alfonzo-paz-borjas/#breadcrumb"},"inLanguage":"es","potentialAction":[{"@type":"ReadAction","target":["https://www.jepvenezuela.com/museo-de-la-memoria-y-la-represion/caidos/luiyin-alfonzo-paz-borjas/"]}]},{"@type":"ImageObject","inLanguage":"es","@id":"https://www.jepvenezuela.com/museo-de-la-memoria-y-la-represion/caidos/luiyin-alfonzo-paz-borjas/#primaryimage","url":"https://www.jepvenezuela.com/museo-de-la-memoria-y-la-represion/wp-content/uploads/sites/2/2020/12/imagenes-museo-79.png","contentUrl":"https://www.jepvenezuela.com/museo-de-la-memoria-y-la-represion/wp-content/uploads/sites/2/2020/12/imagenes-museo-79.png","width":1920,"height":1080},{"@type":"BreadcrumbList","@id":"https://www.jepvenezuela.com/museo-de-la-memoria-y-la-represion/caidos/luiyin-alfonzo-paz-borjas/#breadcrumb","itemListElement":[{"@type":"ListItem","position":1,"name":"Portada","item":"https://www.jepvenezuela.com/museo-de-la-memoria-y-la-represion/"},{"@type":"ListItem","position":2,"name":"Caídos","item":"https://www.jepvenezuela.com/museo-de-la-memoria-y-la-represion/caidos/"},{"@type":"ListItem","position":3,"name":"Luiyin Alfonzo Paz Borjas"}]},{"@type":"WebSite","@id":"https://www.jepvenezuela.com/museo-de-la-memoria-y-la-represion/#website","url":"https://www.jepvenezuela.com/museo-de-la-memoria-y-la-represion/","name":"Museo de la Memoria y la Represión - JEP Venezuela","description":"Un espacio dedicado a honrar la memoria de los venezolanos que fueron asesinados en el contexto de las manifestaciones pacíficas desde el año 2014 hasta la actualidad","potentialAction":[{"@type":"SearchAction","target":{"@type":"EntryPoint","urlTemplate":"https://www.jepvenezuela.com/museo-de-la-memoria-y-la-represion/?s={search_term_string}"},"query-input":{"@type":"PropertyValueSpecification","valueRequired":true,"valueName":"search_term_string"}}],"inLanguage":"es"}]}</script>
<!-- / Yoast SEO plugin. -->

Luiyin Alfonzo Paz Borjas - Museo de la Memoria y la Represión - JEP Venezuela

Los abusos y violaciones a los derechos humanos en Venezuela han sido denunciados, no como hechos aislados, sino como una política de Estado La tarde del miércoles 28 de junio de 2017, este joven comerciante de 20 años de edad se encontraba en el distribuidor Perijá 1, autopista Circunvalación 1de la capital del Zulia, cuando [&hellip;]

Museo de la Memoria y la Represión - JEP Venezuela

Caídos

Un espacio dedicado a honrar la memoria de los venezolanos que fueron asesinados en el contexto de las manifestaciones pacíficas desde el año 2014 hasta la actualidad
